 (26 - 17).
-4
Calculate (-12 - -2) + (14 + -26 - -10).
-12
Calculate (-50 - -1) + 26 + -5.
-28
1 - 3 - (-10 - (-56 + 29))
-19
Calculate -18 - 4 - (-43 - -36).
-15
Calculate 1 + (-3 - -6) + -1 + (2 - 5).
0
(-5 - 0) + -4 + 8 + (2 - 6)
-5
Evaluate (-12 - (4 - -22)) + (-2 - -9).
-31
What is -6 - (-12 - (-11 + (-2 - 5)))?
-12
Calculate (24 - 0) + (-285 - -271).
10
What is the value of 15 + (-18 - -17 - 20)?
-6
Calculate 0 + (5 - (6 - (1 + -1))).
-1
Evaluate 18 + (-15 - (11 - 14)).
6
Evaluate 107 - (-61 - -161) - (-1 + 31 - 1).
-22
What is the value of -42 + (-14 - -47) - -12?
3
What is -8 - ((-9 - -5) + -8 + 5) - 5?
-6
What is the value of -9 + (3 - 0) + (3 - 2 - -8)?
3
6 + -44 - 31 - -40
-29
What is 7 - (-7 + (10 - 11) + 10)?
5
What is the value of 9 + (-5 - 4 - 0) - -2?
2
What is the value of 26 - (2 - (5 - 15))?
14
Evaluate (20 + -12 + -19 - 0) + 15.
4
What is -3 + (25 - (-11 + 2 + 20))?
11
What is -28 + (0 - 8) + (21 - 0) + -6?
-21
13 + 10 + (-14 - -2 - -4)
15
Evaluate 13 - (5 - (1 - 5 - (-4 + 0))).
8
Calculate (-39 - (7 - 29)) + 32.
15
What is the value of 19 - (26 + 2 + -13)?
4
What is -6 + (-11 - -8) - (-4 - -6)?
-11
What is (-40 - -1) + -1 - (-8 + (26 - 25))?
-33
What is 1 + -4 + 0 + (-5 - (-8 + -6))?
6
Calculate (0 - -5) + 4 - (2 - -1).
6
1 + 25 + (-53 - -11) + 45
29
Calculate 31 - 52 - -24 - (8 + 2 + -1).
-6
Calculate (-9 - (-7 - -5)) + -1.
-8
(5 - (4 + (-23 - -5))) + -6
13
What is the value of (-22 - -6) + (-38 - -44)?
-10
2 + (1 - -3 - 0) + (12 - 3)
15
(2 - (4 - 11)) + (-4 - -4 - -2)
11
-16 - (-2 + 13 + 0 + -5)
-22
Calculate -5 + (-2 - 0 - 6) + -5 + 7.
-11
Evaluate 29 + -7 + 0 + (-4 - (-6 + 0)).
24
What is (1 - (9 - (4 - 0))) + (-56 - -59)?
-1
What is 3 - 5 - 5 - -6?
-1
(-6 - (-5 - (7 - 1))) + (-14 - -2)
-7
What is (-3 - (-9 + 7)) + (-14 - -8)?
-7
What is (193 - 220) + (-12 - -5)?
-34
What is the value of 2 + (0 - 2) + 2 + (-19 - -11)?
-6
Calculate (1 - (-4 - (-3 + 3))) + 3.
8
What is the value of (-2 - (0 + -2) - -20) + (96 - 102)?
14
Evaluate 0 - -6 - (2 + 13 + -20) - 17.
-6
17 + 0 + 12 + -28
1
Evaluate -17 - (-35 - -19 - -7).
-8
What is the value of -20 - ((-1 - (8 - 3)) + -57 + 73)?
-30
What is -14 - -33 - (1 + 1 + -8 + 4)?
21
Evaluate -25 + 30 + -16 + 21.
10
Evaluate 1 - -2 - (6 + -8 - -17 - 5).
-7
What is the value of 0 + 12 - (-19 + 39)?
-8
(3 - 15) + -359 + 379
8
6 + -5 - (7 + (7 - 6)) - -4
-3
What is -8 + 7 - (5 - (4 - (6 + 10)))?
-18
What is -12 + -5 + (9 - 1) + (-17 - -1)?
-25
Calculate -917 + 900 + 0 + -11.
-28
What is the value of 4 - (-3 - (-4 + 3 + -4)) - -5?
7
What is 17 + 1 + 0 - (2162 + -2159)?
15
-2 + 10 + (-12 + 14 - -1)
11
Calculate -20 - ((18 - 23) + -3).
-12
What is -24 - (43 + -20 + -17)?
-30
Calculate 17 - (21 + 0 + -17).
13
What is the value of (-10 - 4) + (46 - 32)?
0
Evaluate 3 - (12 + 3 - 24).
12
What is the value of -18 + 22 + 0 + -9?
-5
-5 + 15 + -15 + 7 + -3
-1
What is -13 + -15 + 8 - (-35 - -35)?
-20
Evaluate -48 + 56 - (-3 - 0) - 13.
-2
What is -3 - (7 - 25 - -8)?
7
What is (35 - 32) + 2 - -9?
14
6 - (-8 + (-12 - -1) - -9)
16
What is the value of 46 + 0 + 34 + -45 - 2?
33
Calculate (-9 - (-22 + (3 - -16))) + -17 + 1.
-22
What is -4 - (-4 - -1) - (-15 - (-18 - 3))?
-7
What is -133 + 144 + 0 + 0?
11
-4 - 0 - (-5 - -9 - 1)
-7
Calculate (-19 + 18 - -6) + (2 - 1 - 0).
6
What is the value of 4 + -19 + 22 + -14 - (-6 + 2)?
-3
What is 149 - 155 - (0 + -11 - 1)?
6
What is the value of -24 + (7 - 5) - -9?
-13
What is the value of (-13 - (5 + -7)) + 43 + 4?
36
Calculate 4 + (7 + (5 - 15) - -2).
3
What is -1 + 9 + (-23 - -4) + 17 - 24?
-18
What is (27 - 14) + (3 - (-1 + 18))?
-1
What is 7 - (3 - -12 - -3)?
-11
What is the value of (12 - 18) + (9 - 31 - -6)?
-22
Evaluate -29 + (-50 - -73) + 1 + -5.
-10
What is the value of 1 + 9 + (416 - 456)?
-30
What is the value of (2 - (8 + -11 - -3)) + -8?
-6
What is the value of 43 + -41 + 57 + -30?
29
(2 + 1 - 15) + 0 + 0 - -7
-5
-1 + 5 + 6 - (-30 + 25)
15
What is the value of -3 - (22 - 19) - -35 - 15?
14
Calculate 6 + -10 - -5 - -13.
14
Calculate 1142 + -1086 - (1 + 34).
21
What is (59 - 26 - 56) + (1 - -5)?
-17
Evaluate -26 + (62 - 26) - (15 - 0).
-5
Calculate -2 - 14 - ((-17 - -16) + -3).
-12
What is the value of 3 - (2 - ((12 - -5) + 1 + -2))?
17
What is (-4 - -23) + (109 - 128)?
0
Calculate 6 - (11 + -9 - 8).
12
Evaluate 13 - (-1 + 17) - -18.
15
6 + 18 + -63 + 30
-9
What is the value of -31 + (13 - 20) + 15?
-23
(-12 - (-10 - -6) - 4) + 6
-6
Calculate 38 + 21 + -22 + -42.
-5
Evaluate 19 + -7 - (-7 - -1).
18
What is the value of -2 + -13 + 12 + (8 - 14 - 9)?
-18
Calculate 12 - (-2 - -4) - 14 - (-17 + 0).
13
Evaluate 3 + 7 + (-15 - -6) + 5 - 8.
-2
What is (1 - -5 - -17) + -5?
18
What is the value of (7 - (-2 - -3)) + (26 - 44)?
-12
What is -14 + 37 + -35 - 16?
-28
Evaluate (-24 + 2 - -14) + 4.
-4
What is -8 + (6 - -34) + -47?
-15
Evaluate 32 - ((-14 - -2) + 39).
5
What is 19 + (-5 - 15) + -10?
-11
What is -9 + (6 + -19 - (-3 + 1))?
-20
What is -9 + (-1 + -1 + 1 - -4)?
-6
What is 1 + 48 - 29 - 14?
6
What is 40 + 13 - 5 - 36?
12
Calculate (1 + (-1 - 2) - 1) + (25 - 23).
-1
Calculate 11 + 15 + -17 + -15.
-6
Evaluate (26 - 56) + 22 + -5 + 23.
10
24 - (4 - (-15 + 7))
12
-4 + -1 + -7 - (2 + 1 - 3)
-12
Calculate -10 + (-28 + 34 - (-2 - 0)) + -15.
-17
Calculate 10 - (-4 - -30 - (-24 - (-33 - -15))).
-22
What is the value of -30 + (-4 - -24) - ((-8 - 3) + -2)?
3
Calculate -7 - 1 - (-35 + 36 - 3).
-6
What is 14 + -70 + 48 + -25?
-33
What is the value of -1 - (-3 + -3) - 2 - -3 - 13?
-7
-29 + 3 - -38 - 20
-8
1 + 0 + 0 - (1 + (-6 - -1))
5
Calculate (4 - 2 - (11 - 18)) + 2.
11
Calculate 14 + -15 + (6 - (23 - -2)).
-20
(-4 - 11) + (5 - -10) - (2 + -1)
-1
-5 + 44 + (184 - 210)
13
Calculate (7 + 0 - (5 - -15)) + 5.
-8
Evaluate -19 + -5 + (-2 - (-10 + 19)).
-35
Calculate 8 + -18 - -1 - -12.
3
Evaluate 23 - -1 - (478 - 469).
15
What is the value of -50 + 52 + (1 - -1)?
4
Calculate (-51 - -60) + (1 - 5).
5
Evaluate (36 - 41) + (-8 - -21).
8
What is the value of (20 + -64 - -38) + 0 + 15 + -1?
8
What is -2 - -14 - (429 + -431)?
14
What is 15 + 4 - 4 - (11 + -1)?
5
What is (-2 - -9) + -28 + -8 - -10?
-19
What is the value of 15 + 24 - 22 - (0 + 2 + 1)?
14
Calculate (-4 - -2 - 1) + -18 + 17 + -11.
-15
What is the value of 4 + 3 + -4 + -3 + 10 + -1?
9
-58 - (-30 - -13) - -21
-20
What is 1 + -1 + -9 + (-3 - 0) + 8?
-4
(1 + -1 - (13 + (22 - 56))) + -9
12
(18 - 8 - (0 - -9)) + -2
-1
What is (-1 - (-9 + 2)) + (19 - (-24 + 36))?
13
Evaluate (-32 - -24) + (-2 - -4 - (37 + -28)).
-15
-1 + 9 + (10 - 25)
-7
Evaluate 3 - (5 + -5 + (-2 - (-6 + -1))).
-2
What is 2601 + -2626 + (11 - 0) + 1?
-13
What is the value of 3 + -2 + -8 + 6 + -4 + 14?
9
-8 - (-4 + -19 - (12 + -15))
12
Calculate 2 + (-7 - -8) - -7.
10
Calculate -1 - 6 - (32 + -10 - (24 + -12)).
-17
Calculate 15 - (-1 + -22 - (7 + -6)).
39
136 - 131 - ((0 - (3 + -1)) + 11)
-4
-30 + (1 - -8 - (-1 - 1))
-19
-1 - (-5 - -25) - (2 - (-1 - -5))
-19
Evaluate (13 - (-7 + (19 - 19))) + (-2 - 8).
10
What is the value of (0 - 0 - (-10 + (12 - 14))) + 5?
17
-10 + 0 + 1 + (79 - 71)
-1
Evaluate 1 - (3 - (1 - (6 - 2))).
-5
Evaluate -28 + 41 - 2 - (2 + 26).
-17
Evaluate -19 + 54 + -9 - 13 - (-2 - 9).
24
3 + 5 - 1 - (-76 + 75)
8
What is the value of 14 + (3 - ((1 - 1) + -1 + 7))?
11
Calculate 8 + (-11 - -11) + -7 - -9 - -10.
20
What is the value of (-31 + 29 - 7) + 9?
0
What is -4 + 11 + 5 - (-52 + 56)?
8
13 - 4 - (27 - 16) - -11
9
Calculate 20 - (-7 + (10 - 3) + -11).
31
What is the value of -10 - 1 - (11 - 6) - -6?
-10
What is the value of 3 + -9 + 8 + 11?
13
Calculate 11 - (-20 + 21) - (0 - 6).
16
Calculate 68 + -87 - ((2 - 18) + 5).
-8
24 + -4 + -4 + -9
7
What is the value of 1 + (3 - -1) - (-21 - -30) - -13?
9
Evaluate 5 - (7 - (-4 + 13) - 3).
10
Calculate -1 + (-4 - 0) - (48 - 52).
-1
Evaluate -1 - (4 - (15 + -2 + -6)).
2
What is -11 - 3 - -5 - (-8 + 6 + 11)?
-18
What is 28 + (-88 - -20) + 14?
-26
Calculate (-5 - ((8 - 5) + -10 + 12)) + 3.
-7
What is (32 - 20) + 10 - (8 + 8)?
6
Evaluate 2 + 5 + 1 + (-16 - -17).
9
What is the value of -6 + -11 + 29 - 30?
-18
3 - (-11 - -7 - -2)
5
Calculate (-7 - (4 + 3 + 2 + -47)) + -4.
27
What is (5 - 3) + -7 + -1 + 5 + 0?
-1
Calculate 5 - (-33 - -41 - (1 - -6) - -5).
-1
Evaluate 22 + (22 - 19) - 19.
6
3 + 1 + (-288 - -293